er when l is divided by 5?
0
Let i be (-44)/44*(-3)/(3/802). Let p = i - 767. Suppose 0 = 4*y + j - 554, 4*y + 5*j - 546 = -0*y. Calculate the remainder when y is divided by p.
34
Let t(y) = -y**3 - 113*y**2 - 9*y - 263. Calculate the remainder when t(-113) is divided by 187.
6
Suppose 479 = 69*k - 2143. What is the remainder when 1899 is divided by k?
37
Suppose 0*v = 5*v - 551 - 2569. Calculate the remainder when v is divided by 197.
33
Let u be 15396/8*(-8)/(-12). Let j = 2315 - u. Suppose 0 = -7*p - p + j. Calculate the remainder when p is divided by 22.
19
Suppose -28 + 7 = -o. Suppose 0 = 23*w - o*w - 16. What is the remainder when -1 - ((-1)/(-2) - 403/26) is divided by w?
6
Let o(t) = -7*t**3 + t**2 + 2*t - 1. Let j be o(1). Let y(s) = s**3 + 10*s**2 - 16*s - 5. What is the remainder when y(j) is divided by 34?
30
What is the remainder when 208 is divided by 0/(-1) - 420/(-15)?
12
Let k(h) = -19*h - 3. Let c = 133 - 33. Calculate the remainder when k(-3) is divided by ((-16)/(-14))/(-4) + c/7.
12
Let z(c) = 1617*c - 19 - 1606*c + 213. What is the remainder when 340 is divided by z(-7)?
106
Let t(p) = 12*p**2 + 171*p + 47. What is the remainder when 2072 is divided by t(-14)?
2
Suppose 0 = -58*f + 41881 + 11179 + 21702. Calculate the remainder when f is divided by 49.
15
Suppose 410*l - 416*l = -1398. What is the remainder when 25629 is divided by l?
232
Let i be -1 + (-60)/(-14) - 16/56. Suppose -v - i*v + 2*g = 8, -5*g + 7 = 3*v. What is the remainder when 67 is divided by v + 15 - 1*(-9)/3?
16
What is the remainder when 1555 is divided by ((-12)/21)/(50/(-7175))?
79
Let j(h) = -7*h**3 - 10*h**2 - 44*h + 2. What is the remainder when j(-4) is divided by 152?
10
Let p be (334/5)/((-4)/(-20)). Suppose -6*s + p = -152. Calculate the remainder when s is divided by 41.
40
Suppose 23*a - 4296 - 7729 = 878. What is the remainder when 2811 is divided by a?
6
Suppose 0 = 6*m + 1910 + 2290. Calculate the remainder when 12/10*m/(-40) is divided by 2.
1
Let f(z) = -30*z**3 - 3*z**2 + 3*z - 3. Let u be f(2). Let n = -240 - u. What is the remainder when 88 is divided by n?
7
Suppose 6*c = -5*c + 2296 + 1675. What is the remainder when c is divided by 1?
0
Let y(m) = 234*m + 1211. Calculate the remainder when 876 is divided by y(-5).
15
Suppose -17*m + 10*m = -5*c - 46, -4*c = m - 16. Let v be (8/5)/(4/10). Let f = -2 + v. Calculate the remainder when m is divided by f.
0
Let y(f) = 5*f**3 - f**2 + f + 4. Let z be (-2)/(-3 - (1 - (3 + 0))). What is the remainder when y(z) is divided by 19 + (-3 - -2 - -4)?
20
Suppose -18*d = 18*d - 225595 + 73999. What is the remainder when d is divided by 162?
161
Let i = 749 - 277. Calculate the remainder when i is divided by 55.
32
Let v = 4547 + -4488. What is the remainder when 185 is divided by v?
8
Let r = 1044 + -1038. What is the remainder when 135 is divided by r?
3
Let a = 4205 - 3149. Calculate the remainder when a is divided by 28.
20
Let f(x) = x**2 + 4*x - 234. Let k(p) = 7 + 5 + 5*p**2 - 14*p - 3*p**2. Calculate the remainder when k(9) is divided by f(14).
12
Let p = -66304 + 66475. Let j be (1 - 249/(-6))*2. Suppose -31 = -4*n + j. What is the remainder when p is divided by n?
26
Suppose 43931 = 127*d + 96*d. Calculate the remainder when 415 is divided by d.
21
Let b = 21644 + -20488. Calculate the remainder when b is divided by 48.
4
Let l be (12/(-1))/((-36)/162). Let p be (l/36)/(6/(-32)). Calculate the remainder when 33 is divided by 2/p + (-406)/(-56).
5
What is the remainder when 166 is divided by -55*18/(-30) - -10?
37
Suppose -g - 18 = 32. Let t = g + 48. Calculate the remainder when 50 is divided by -17*(t + 1)/1.
16
Let u(s) = 31*s**2. Let k be u(1). Let w(b) = 4*b**2 - 123*b - 25. Calculate the remainder when 44 is divided by w(k).
2
Let t(b) = 42*b**2 - 11*b + 28. Let l be t(2). Let h = l - 144. Calculate the remainder when 387 is divided by h.
27
Suppose -82*b + 80*b - 4*m = -38, 2*b + 2*m - 32 = 0. Calculate the remainder when 18 is divided by b.
5
Let b = 15966 - 4748. What is the remainder when b is divided by 55?
53
Let t be 40/3*3/12*12. Suppose -t = 17*q - 91. What is the remainder when 84 is divided by q?
0
Let z(q) = q**2 - 45*q - 604. Calculate the remainder when 6/(-8) + 1338/24 is divided by z(56).
7
Let o(c) = c**2 - 21*c - 15. Let x be o(21). What is the remainder when 0 + 9225/20 + x/12 is divided by 33?
31
Let j(z) = 335*z + 125. Let b(u) = -24*u - 9. Suppose 3*o + 4 = -8. Let l(r) = o*j(r) - 55*b(r). What is the remainder when l(-5) is divided by 16?
15
Let g = -20 - -23. Let v(q) = -q**2 - 3*q + 35. Calculate the remainder when g/((-12)/16 - -1) is divided by v(-7).
5
Suppose -4*k = 2*r - 1472, 0 = -r - 25*k + 20*k + 736. What is the remainder when r is divided by 240?
16
What is the remainder when 2*((-56469)/(-14))/(-4 - -7) is divided by 2?
1
Suppose 4*n = 134 + 70. Calculate the remainder when 1792/18 - (-220)/495 is divided by n.
49
Let l(f) = -10*f - 7*f - f**2 - 12 + 0*f + 2*f**2. Let p be l(18). Suppose -h = 3*g - 3 - p, -2*g + 4*h - 8 = 0. What is the remainder when 11 is divided by g?
1
What is the remainder when 862 is divided by ((-8)/26)/(590/(-72865))?
26
Suppose -53053 = -73*p + 60*p. What is the remainder when p is divided by 157?
156
Suppose -43*u - 204*u = -10127. Suppose -45 = 5*f + 5*s, 6*s - 3*s = -12. Let j = 28 + f. What is the remainder when u is divided by j?
18
Calculate the remainder when 0 - 74/4*-4 is divided by 50 + 720/(-50 + 20).
22
Let q(m) = -5*m**3 + 3*m**2 + 5*m - 5. Let i be q(4). Let u = i - -265. Calculate the remainder when 31 is divided by u.
7
Let p(l) = 14*l + 38. Let j be p(-2). Suppose -3*m + j + 227 = 0. Suppose 4*o + 22 = 102. What is the remainder when m is divided by o?
19
Calculate the remainder when 468 is divided by (-452 + 12)/(-20) + -4.
0
Let m = 9709 + -8832. What is the remainder when m is divided by 225?
202
Let g(a) = -a**3 + 8*a**2 - 4*a + 2. Suppose 4*b = 25*d - 29*d + 396, -d = 5*b - 111. Calculate the remainder when d is divided by g(4).
46
Let r(d) = -d**2 - 2*d + 3. What is the remainder when 54/(-792)*4 + (-1004)/(-11) is divided by r(0)?
1
Let r(s) = 5*s**2 - s + 1. Let x be r(1). Suppose 0 = -m + x - 0. Suppose 4 = -m*j + 34. Calculate the remainder when j is divided by 2.
0
Suppose 0 = -23756*a + 23736*a + 1380. What is the remainder when 3172 is divided by a?
67
Let f be 2*1*((-12)/4)/(-3). Suppose 14 = -f*w + 40. What is the remainder when 23 is divided by w?
10
Suppose -3*b + 166 = -p + 21, 4*b - 193 = p. Let h = b - -12. What is the remainder when h is divided by 16?
12
Let r = -546 + 903. Suppose 5*n - 328 = r. What is the remainder when n is divided by 44?
5
Let w(t) = 2*t**2 + 78*t + 54. Let s be w(-42). Suppose 78 = 6*z - s. What is the remainder when z is divided by 5?
4
Suppose 0 = -22*v + 1386 + 6204. What is the remainder when v is divided by 87?
84
Suppose -11*u - 43450 = -169*u. What is the remainder when u is divided by 70?
65
Suppose 0 = -55*r - 103*r + 147256. What is the remainder when r is divided by 117?
113
Suppose 13*o = 489 - 2452. Let c = -132 - o. Calculate the remainder when 31 is divided by c.
12
Suppose 49528 - 19444 = 12*u. Calculate the remainder when u is divided by 4.
3
Let v(d) = 6*d + 86. Let h be v(-11). Suppose 19 = -h*w + 21*w. What is the remainder when 94 is divided by w?
18
Suppose -2*o = -0*o, -o + 252 = 4*g. Suppose k + 2 - 4 = 0. Suppose 0 = k*t - 57 - 7. What is the remainder when g is divided by t?
31
Let s = 624 + -545. Suppose -18*g + 245 + s = 0. Let z(q) = 31*q**2 + 2*q - 3. What is the remainder when z(2) is divided by g?
17
Suppose -3267 - 10103 = -36*c + 4846. Calculate the remainder when c is divided by 42.
2
Let g be 3 - 1/(4/4). Suppose 0*r + 8 = g*r. Let q(s) = -s**3 - 4*s**2 - 4*s - 9. Calculate the remainder when q(-4) is divided by r.
3
Let k(y) be the second derivative of -5*y**3 + 153*y**2/2 - 2*y - 3. Calculate the remainder when k(0) is divided by 18.
9
Suppose -542*q = -1122 - 36276. What is the remainder when 2410 is divided by q?
64
Calculate the remainder when 1041 is divided by (-28 - -22) + 65/(5 - 0).
5
Let s(i) = -4 - 9*i + 0 - i**3 + 11*i - 3*i**2. Let x(q) = -8*q + 188. What is the remainder when x(23) is divided by s(-4)?
0
